hen 45795 is divided by 320?
35
Calculate the remainder when 2123069 is divided by 3832.
141
What is the remainder when 845809 is divided by 422849?
111
What is the remainder when 620111 is divided by 82?
27
Calculate the remainder when 7330494 is divided by 57.
9
What is the remainder when 36587586 is divided by 151?
135
What is the remainder when 427802 is divided by 427559?
243
What is the remainder when 360206783 is divided by 2456?
2455
Calculate the remainder when 1203191 is divided by 1203162.
29
Calculate the remainder when 449724 is divided by 4399.
1026
Calculate the remainder when 1965373 is divided by 273.
46
Calculate the remainder when 235590953 is divided by 3830.
3823
Calculate the remainder when 6301872 is divided by 10.
2
What is the remainder when 8730 is divided by 854?
190
Calculate the remainder when 3082425 is divided by 1541178.
69
Calculate the remainder when 78472696 is divided by 6630.
16
Calculate the remainder when 39114 is divided by 19444.
226
What is the remainder when 19724098 is divided by 5354?
5316
What is the remainder when 5490 is divided by 534?
150
What is the remainder when 1450914 is divided by 873?
861
Calculate the remainder when 2895400 is divided by 477.
10
Calculate the remainder when 137518 is divided by 27487.
83
What is the remainder when 881345 is divided by 172?
17
What is the remainder when 64506684 is divided by 1411?
1408
Calculate the remainder when 406860879 is divided by 185.
184
Calculate the remainder when 98964 is divided by 32917.
213
What is the remainder when 68687 is divided by 2017?
109
Calculate the remainder when 542323 is divided by 7744.
243
What is the remainder when 776368 is divided by 1227?
904
Calculate the remainder when 31100073 is divided by 2067.
2058
Calculate the remainder when 9940557 is divided by 1281.
1278
What is the remainder when 1815042 is divided by 707?
173
Calculate the remainder when 30731 is divided by 7513.
679
Calculate the remainder when 11781240 is divided by 1860.
0
Calculate the remainder when 391223811 is divided by 19.
17
Calculate the remainder when 801187 is divided by 1993.
1
Calculate the remainder when 1484573 is divided by 112.
13
What is the remainder when 2547481 is divided by 13064?
1
What is the remainder when 32016114 is divided by 4195?
4069
What is the remainder when 159391 is divided by 3106?
985
What is the remainder when 414798 is divided by 200?
198
What is the remainder when 89394 is divided by 40451?
8492
What is the remainder when 1802656 is divided by 121?
119
What is the remainder when 222519 is divided by 14432?
6039
What is the remainder when 97038 is divided by 1959?
1047
What is the remainder when 690425 is divided by 690389?
36
What is the remainder when 530839 is divided by 912?
55
Calculate the remainder when 28939 is divided by 128.
11
What is the remainder when 87883 is divided by 12442?
789
What is the remainder when 120680336 is divided by 17240041?
49
What is the remainder when 895405 is divided by 200?
5
Calculate the remainder when 3847357 is divided by 41.
40
Calculate the remainder when 919181 is divided by 459555.
71
Calculate the remainder when 445279 is divided by 11118.
559
What is the remainder when 5191537 is divided by 86?
61
What is the remainder when 146839 is divided by 1689?
1585
Calculate the remainder when 48524 is divided by 103.
11
Calculate the remainder when 636858 is divided by 5686.
26
Calculate the remainder when 5112496 is divided by 65536.
688
Calculate the remainder when 725701 is divided by 19088.
357
Calculate the remainder when 15851285 is divided by 2641878.
17
What is the remainder when 1456529 is divided by 232?
33
Calculate the remainder when 4998174 is divided by 179.
136
Calculate the remainder when 5811776 is divided by 784.
768
What is the remainder when 210046269 is divided by 35?
34
Calculate the remainder when 32550954 is divided by 2279.
2276
Calculate the remainder when 900527 is divided by 1340.
47
Calculate the remainder when 8834067 is divided by 26689.
8
What is the remainder when 22847262 is divided by 7?
4
What is the remainder when 286250 is divided by 143115?
20
What is the remainder when 127293681 is divided by 5658?
5655
What is the remainder when 13619793 is divided by 144?
129
Calculate the remainder when 8224037 is divided by 4112009.
19
What is the remainder when 3207365 is divided by 31?
12
Calculate the remainder when 175655701 is divided by 994.
991
What is the remainder when 35431 is divided by 33283?
2148
What is the remainder when 335353 is divided by 112?
25
Calculate the remainder when 564045 is divided by 112778.
155
Calculate the remainder when 76030 is divided by 635.
465
What is the remainder when 197164385 is divided by 536?
1
Calculate the remainder when 23287942 is divided by 1225681.
3
What is the remainder when 1767925 is divided by 7366?
85
Calculate the remainder when 5409148 is divided by 133.
38
What is the remainder when 5404 is divided by 667?
68
What is the remainder when 497558 is divided by 262?
20
Calculate the remainder when 7197127 is divided by 270.
7
What is the remainder when 122505 is divided by 934?
151
Calculate the remainder when 1077444 is divided by 4327.
21
What is the remainder when 7023207 is divided by 255?
252
Calculate the remainder when 29928823 is divided by 2727.
2725
What is the remainder when 618893 is divided by 111?
68
What is the remainder when 803796 is divided by 533?
32
Calculate the remainder when 3742698 is divided by 5820.
438
Calculate the remainder when 13155689 is divided by 6577812.
65
What is the remainder when 16264108 is divided by 228?
184
What is the remainder when 26435933 is divided by 47207?
13
Calculate the remainder when 7577510 is divided by 162.
122
What is the remainder when 700 is divided by 586?
114
Calculate the remainder when 3030853 is divided by 3030197.
656
What is the remainder when 6480340 is divided by 628?
8
What is the remainder when 4326559 is divided by 2393?
15
What is the remainder when 161699 is divided by 80378?
943
What is the remainder when 245421 is divided by 4090?
21
Calculate the remainder when 101493 is divided by 7575.
3018
Calculate the remainder when 85144 is divided by 670.
54
Calculate the remainder when 210298 is divided by 63.
4
What is the remainder when 76290 is divided by 2846?
2294
Calculate the remainder when 19412 is divided by 3173.
374
What is the remainder when 130363 is divided by 25843?
1148
What is the remainder when 9831410 is divided by 3277135?
5
Calculate the remainder when 949481 is divided by 67819.
15
What is the remainder when 5334 is divided by 151?
49
What is the remainder when 288769 is divided by 158?
103
What is the remainder when 27777031 is divided by 101376?
7
Calculate the remainder when 667883171 is divided by 38.
35
Calculate the remainder when 131578162 is divided by 18017.
11
Calculate the remainder when 19385811 is divided by 1429.
1426
What is the remainder when 95657 is divided by 768?
425
Calculate the remainder when 5067033 is divided by 14477.
83
Calculate the remainder when 57187 is divided by 6235.
1072
What is the remainder when 13339 is divided by 2553?
574
What is the remainder when 298427 is divided by 591?
563
What is the remainder when 465446 is divided by 3373?
3345
Calculate the remainder when 554617 is divided by 2010.
1867
What is the remainder when 525871 is divided by 951?
919
Calculate the remainder when 2321853 is divided by 36.
33
Calculate the remainder when 123899 is divided by 2880.
59
Calculate the remainder when 271851 is divided by 5784.
3
Calculate the remainder when 4995566 is divided by 3.
2
Calculate the remainder when 71566 is divided by 7856.
862
Calculate the remainder when 59945 is divided by 13857.
4517
Calculate the remainder when 77710 is divided by 364.
178
Calculate the remainder when 53363776 is divided by 338.
336
Calculate the remainder when 661417 is divided by 508.
1
What is the remainder when 1694594 is divided by 366?
14
What is the remainder when 7703 is divided by 107?
106
What is the remainder when 1154575 is divided by 60?
55
What is the remainder when 856751 is divided by 277?
267
What is the remainder when 62465 is divided by 3610?
1095
What is the remainder